{"id":95,"date":"2019-02-18T16:18:02","date_gmt":"2019-02-18T15:18:02","guid":{"rendered":"http:\/\/radiotransnet.fr\/?page_id=95"},"modified":"2024-10-07T15:54:17","modified_gmt":"2024-10-07T13:54:17","slug":"contact","status":"publish","type":"page","link":"https:\/\/radiotransnet.fr\/index.php\/accueil\/contact\/","title":{"rendered":"Contact"},"content":{"rendered":"\n<p>N&rsquo;h\u00e9sitez pas \u00e0 nous contacter pour toute demande de renseignement.<\/p>\n\n\n\n<p>Merci d&rsquo;adresser vos demandes \u00e0 <\/p>\n\n\n\n<p><strong>Emilie BAYART<\/strong><br>Project Manager du r\u00e9seau RadioTransNet<br><\/p>\n\n\n\n<ul><li> Par courrier \u00e9lectronique :  <a href=\"http:\/\/radiotransnet.fr\/wp-admin\/eb.radiotransnet@gmail.com\">eb.radiotransnet@gmail.com<\/a> <\/li><li> Par voie postale \u00e0 l&rsquo;adresse suivante :<\/li><\/ul>\n\n\n\n<p>RADIOTRANSNET  <br>SFRO<br>Centre Antoine B\u00e9cl\u00e8re<br>47 rue de la Colonie<br>75013 Paris<br><\/p>\n","protected":false},"excerpt":{"rendered":"<p>N&rsquo;h\u00e9sitez pas \u00e0 nous contacter pour toute demande de renseignement. Merci d&rsquo;adresser vos demandes \u00e0 Emilie BAYARTProject Manager du r\u00e9seau RadioTransNet Par courrier \u00e9lectronique : eb.radiotransnet@gmail.com Par voie postale \u00e0 l&rsquo;adresse suivante : RADIOTRANSNET SFROCentre Antoine B\u00e9cl\u00e8re47 rue de la Colonie75013 Paris<\/p>\n","protected":false},"author":1,"featured_media":0,"parent":41,"menu_order":0,"comment_status":"closed","ping_status":"closed","template":"templates\/with_image.php","meta":{"footnotes":""},"_links":{"self":[{"href":"https:\/\/radiotransnet.fr\/index.php\/wp-json\/wp\/v2\/pages\/95"}],"collection":[{"href":"https:\/\/radiotransnet.fr\/index.php\/wp-json\/wp\/v2\/pages"}],"about":[{"href":"https:\/\/radiotransnet.fr\/index.php\/wp-json\/wp\/v2\/types\/page"}],"author":[{"embeddable":true,"href":"https:\/\/radiotransnet.fr\/index.php\/wp-json\/wp\/v2\/users\/1"}],"replies":[{"embeddable":true,"href":"https:\/\/radiotransnet.fr\/index.php\/wp-json\/wp\/v2\/comments?post=95"}],"version-history":[{"count":9,"href":"https:\/\/radiotransnet.fr\/index.php\/wp-json\/wp\/v2\/pages\/95\/revisions"}],"predecessor-version":[{"id":1876,"href":"https:\/\/radiotransnet.fr\/index.php\/wp-json\/wp\/v2\/pages\/95\/revisions\/1876"}],"up":[{"embeddable":true,"href":"https:\/\/radiotransnet.fr\/index.php\/wp-json\/wp\/v2\/pages\/41"}],"wp:attachment":[{"href":"https:\/\/radiotransnet.fr\/index.php\/wp-json\/wp\/v2\/media?parent=95"}],"curies":[{"name":"wp","href":"https:\/\/api.w.org\/{rel}","templated":true}]}}